ppose 3*n - 12 = 0, -4*m + 190 = 5*n - 278. What is the greatest common factor of y and m?
16
Let j(r) = -46*r + 235. Let t be j(5). Suppose 3*o - 2*o + 1 = 2*l, 3*l + o - 9 = 0. Let f be 1/(l - (-9)/(-5)). Calculate the highest common factor of f and t.
5
Suppose 0 = -2*j + 286 + 514. Suppose 6*p = -4*p + j. Calculate the highest common factor of 8 and p.
8
Suppose -44*u = -5*u - 1755. Calculate the highest common factor of 645 and u.
15
Let y(u) be the second derivative of -3/2*u**3 + 0 + 9*u + 1/2*u**2. Let g be y(-1). What is the greatest common divisor of g and 90?
10
Let r be 1/(-5 - 344/(-69)). Let i = -63 - r. What is the highest common divisor of 54 and i?
6
Suppose 11*a + 7480 = 21*a. Calculate the greatest common factor of 44 and a.
44
Suppose -5*r = -2*c - 0*r + 31, 4*c + 2*r = 2. Suppose 3*m - 3 = c. Calculate the greatest common divisor of 5 and m.
1
Suppose -4*o - o = -335. Let d = 117 - o. What is the greatest common divisor of d and 75?
25
Let n be 2/(1 + -3) - -2. What is the highest common divisor of 28 and n?
1
Suppose -166*g = -142*g - 11520. Calculate the highest common factor of 15 and g.
15
Suppose w + 3*f - 15 = 0, 6*f - f = 20. Suppose 148 = 4*z - 4*t, 3*z = t + 104 + w. Calculate the greatest common factor of z and 7.
7
Let g = 43 - 31. Suppose -4*d = 8, -18*j + 16*j = -2*d - 268. Calculate the highest common divisor of j and g.
12
Suppose 2*u - u = -22. Suppose 6*w = 51 + 21. Let c = w - u. Calculate the highest common divisor of 51 and c.
17
Let n = -2 - -158. What is the highest common divisor of n and 36?
12
Let n(p) = -11*p + 222. Let s be n(20). Calculate the highest common divisor of s and 86.
2
Suppose -5*z - 2*j + 8 + 68 = 0, z = -3*j + 10. Calculate the greatest common factor of z and 104.
8
Suppose -5*w + 12 = -4*d, -w + 4*w = -4*d - 12. Suppose y = -w*y + 150. Suppose -2*p = p - y. Calculate the highest common divisor of 20 and p.
10
Suppose -5*z + 2*z = 30. Let w be (-16)/z*150/12. What is the highest common divisor of w and 8?
4
Suppose 0 = 5*n - 3*i - 25, 27 = n + 2*i + 9. Let y be (-54)/n*(-10 + -2). What is the highest common factor of 54 and y?
27
Suppose -4*j = 3*b - 74 + 2, 24 = b + j. Calculate the highest common divisor of 6 and b.
6
Suppose 48*k = -4*h + 53*k + 143, 5*h = 4*k + 172. Let j(z) = 81*z - 1. Let m be j(1). Calculate the highest common divisor of m and h.
16
Suppose 0 = u + 5*n - n + 38, -4*u - 52 = -4*n. Let y = 42 + u. What is the greatest common factor of y and 3?
3
Let o(c) = -c**2 + 10*c + 14. Let v(i) = -i**2 + 10*i + 13. Let z(m) = 6*o(m) - 5*v(m). Let j be z(11). What is the greatest common factor of j and 136?
8
Suppose 0 = 3*y + 12, 4*l = y - 4*y + 144. What is the highest common divisor of 624 and l?
39
Let b be 612/(-8)*(-16)/6. Let n be b/6 + (-8)/(-2). Let m be n/57*378/4. What is the highest common divisor of m and 21?
21
Suppose -3*f + 29 + 7 = 0. Calculate the highest common divisor of f and 132.
12
Let t = 331 + -211. Let x be (-29 - -30)/(2/140). Suppose 0 = 5*l - 4*h - 95, -5*l + 4*h = 5*h - x. What is the highest common factor of t and l?
15
Suppose -2*z = -9 + 49. Let h = 39 + z. Calculate the greatest common factor of h and 76.
19
Let q(a) = -a**2 - 9*a + 31. Let v be q(-13). Let p(m) = -4*m - 58. Let s be p(v). What is the greatest common factor of s and 39?
13
Let y be 1/2*(-2 - -24). Let j(r) be the second derivative of r**4/4 - r**3 + 5*r**2/2 + 20*r. Let s be j(6). Calculate the highest common divisor of s and y.
11
Let r(j) = j**2 + 11*j + 51. Let k be r(-9). What is the greatest common factor of k and 11?
11
Let f(v) = -v**2 + 28*v - 79. Let c be f(23). What is the highest common factor of 204 and c?
12
Suppose 17*m = 19*m - 4*y - 1334, -m = 3*y - 667. What is the greatest common factor of 29 and m?
29
Let l be (10/15)/(4/18). Let w be ((-2)/l)/((-6)/45). Let n = 1370 - 1335. What is the highest common factor of w and n?
5
Suppose -2*z + z - 5*m + 334 = 0, 0 = 3*z + 5*m - 972. What is the greatest common factor of z and 22?
11
Suppose 0 = b + 104 + 61. Let z be b/(-40) + 3/(-24). Suppose -3*w + z*t + 178 = 2*t, 4*w - 237 = 3*t. Calculate the highest common factor of 24 and w.
12
Let c = 10 + -23. Let a = -27 - c. Let n = -11 - a. What is the greatest common factor of n and 21?
3
Let g(f) = 2*f**3 + 39*f**2 - 24*f - 73. Let l be g(-20). Calculate the greatest common factor of 1589 and l.
7
Let x = 1 - 0. Let i = 16 + -15. Suppose -8 = -d - i. Calculate the greatest common factor of d and x.
1
Suppose 8*t - 1208 + 560 = 0. Calculate the highest common divisor of t and 207.
9
Let g be (-4)/(2124/(-1059) - -2). Suppose 0 = 10*z + 266 - g. Calculate the highest common factor of z and 55.
11
Let a(z) = z**3 + 8*z**2 + 10*z + 48. Let c be a(-7). What is the highest common divisor of 135 and c?
27
Let p(w) = -w**2 + w. Let d be p(2). Let c be (-2 - 2*d)*3. Let h = 8 - 4. Calculate the highest common factor of c and h.
2
Let c(w) = -w**2 + 12*w - 22. Let g be c(9). Suppose g*x = 2 + 13. What is the highest common factor of x and 1?
1
Let v(t) = -t**3 - 2*t**2 - 6*t - 8. Suppose -14*q - 46 = -4. Let l be v(q). What is the greatest common divisor of 19 and l?
19
Suppose -5*m = -4*n + 76, -3*m + 9 + 29 = 2*n. Suppose 2*v - 136 = 4*r, v - r = -0*v + 72. What is the highest common divisor of v and n?
19
Let x = -882 - -897. What is the highest common divisor of 195 and x?
15
Suppose 0 = -7*c + 319 + 136. Calculate the greatest common factor of 13 and c.
13
Suppose -2*g = 4*h + 56, -g + 4*h - 39 = -11. Let f = g - -63. What is the highest common factor of f and 5?
5
Let k = 302 + -128. What is the highest common divisor of k and 58?
58
Let t = 63 - 56. Suppose t = 3*a - 47. What is the greatest common factor of 72 and a?
18
Let y(f) = f**3 - 4*f**2 - 20. Let p be y(6). Calculate the highest common divisor of 65 and p.
13
Suppose 0 = 5*y - 0*y. Let s = 5 + y. Let k(w) = w**3 - 12*w**2 + 2. Let p be k(12). Calculate the greatest common factor of p and s.
1
Let j(c) = -100*c - 169. Let k be j(-9). Calculate the highest common factor of k and 43.
43
Let r be (-1260)/(-28)*(2/2 + 0). Let w = 94 - r. Calculate the highest common divisor of 21 and w.
7
Let q be 2/9 + (-1290)/(-27). Suppose -5*a - q = -2*a - 3*t, 0 = -2*t - 10. Let u = -9 - a. Calculate the highest common divisor of u and 96.
12
Suppose d - 6*d + z = -14, 5*z - 20 = -5*d. Let k(n) = n**3 - 7*n**2 + 7*n + 18. Let r be k(6). What is the highest common divisor of r and d?
3
Suppose -21*b - 198 = -32*b. What is the highest common factor of 171 and b?
9
Suppose 0 = 7*o + 20*o - 567. Suppose -5*h - 21 = -8*h. What is the highest common divisor of o and h?
7
Suppose 0*s - 5*s + 800 = 0. Suppose 0 = -g - 40*t + 45*t + 39, -5*t = 5*g - 345. Calculate the highest common divisor of g and s.
32
Suppose 5*l = q + 2*l - 60, -2*l - 140 = -2*q. Calculate the greatest common factor of 250 and q.
25
Suppose 4*a - 76 = 2*t, 2*a - 41 = a - 5*t. What is the highest common divisor of 112 and a?
7
Let a = -13 + 29. Let m = 1099 - 955. What is the greatest common factor of m and a?
16
Let v = 57 + -73. Let k = v + 44. What is the greatest common divisor of 14 and k?
14
Let g be (-99)/33 - -31*1. Calculate the greatest common factor of g and 364.
28
Suppose 67*x - 70*x = -o - 763, -3*x = 3*o - 783. Suppose -5*c + 73 = -87. Calculate the highest common divisor of c and x.
32
Suppose -15*p + 22*p - 210 = 0. Calculate the highest common divisor of 150 and p.
30
Let v = 105 - -86. Let m = -100 + v. Suppose -h + 9*p - 4*p = -35, 3*h - m = p. What is the greatest common divisor of h and 270?
30
Let a be (426/15)/(1/60). Let u be 1/3 + a/18. Calculate the greatest common divisor of u and 38.
19
Let n be (50/3)/((-4)/6). Let s = -13 - n. Calculate the highest common factor of s and 84.
12
Let l be (-605)/(-99) - (-1)/(-9). Suppose -l*v + v + 398 = -g, -v = 5*g - 90. Let j = 46 + -14. Calculate the highest common factor of v and j.
16
Let h be (-1)/2 - 19/(-2). Let c = h - -4. Let b = -108 + 199. What is the highest common divisor of c and b?
13
Let q(h) = 36*h + 7. Let a = 14 - 11. Let o be q(a). Suppose -2*g + 65 = 5*s - 7*g, o = 5*s + 5*g. What is the greatest common divisor of s and 9?
9
Let i = -252 - -277. Calculate the greatest com